{"id":100,"date":"2022-03-27T16:48:56","date_gmt":"2022-03-27T16:48:56","guid":{"rendered":"https:\/\/symphoniedesetoiles.wordpress.com\/?page_id=54"},"modified":"2022-05-03T18:30:31","modified_gmt":"2022-05-03T18:30:31","slug":"theme-pour-les-parents","status":"publish","type":"page","link":"https:\/\/conscienceastrale.fr\/index.php\/theme-pour-les-parents\/","title":{"rendered":"Th\u00e8me pour les parents"},"content":{"rendered":"\n<p class=\"has-text-color\" style=\"color:#004db8\">En tant que parents, nous souhaitons tous le bonheur de nos enfants, n&rsquo;est-ce pas ?<br>Nous faisons de notre mieux pour leur&nbsp;apporter une bonne nourriture, un cocon douillet, la meilleure \u00e9ducation possible\u2026 pour leur offrir des jouets, leur proposer des activit\u00e9s, et tout cela entour\u00e9 de beaucoup d&rsquo;amour.<br>Pourtant, malgr\u00e9 tous&nbsp;nos efforts, il arrive parfois que nous n&rsquo;arrivions pas toujours \u00e0 trouver le bon \u00e9quilibre dans cette relation parent-enfant si&nbsp;sp\u00e9ciale.<br>Alors, comment faire pour encore mieux conna\u00eetre notre enfant et l&rsquo;accompagner plus sereinement, non seulement dans les bons moments, mais aussi et surtout dans les \u00e9preuves ?<\/p>\n\n\n\n<p class=\"has-text-color\" style=\"color:#004db8\">Moi-m\u00eame, maman de deux enfants, j&rsquo;ai d\u00e9couvert que mes besoins de parent n&rsquo;\u00e9taient pas forc\u00e9ment ceux de mes enfants.&nbsp;Parfois, ils \u00e9taient m\u00eame aux antipodes des leurs !<br>Gr\u00e2ce au Langage des Etoiles,&nbsp;j&rsquo;ai pu comprendre la part unique de chacun de mes enfants.<br>Cet outil merveilleux m&rsquo;a montr\u00e9 comment les aider, les guider au quotidien, de mani\u00e8re plus efficace, tout en respectant leurs propres besoins, leur propre chemin.<br>Aujourd&rsquo;hui, j&rsquo;ai \u00e0 c\u0153ur&nbsp;de transmettre mon exp\u00e9rience aux parents qui, comme moi, souhaitent pr\u00e9server l&rsquo;harmonie au sein de leur famille. <\/p>\n\n\n\n<p class=\"has-text-color\" style=\"color:#004db8\">Si vous \u00eates int\u00e9ress\u00e9 par ce Voyage, je serai contente de vous y accompagner.<\/p>\n\n\n\n<p><a href=\"https:\/\/conscienceastrale.fr\/index.php\/contact-2\/\">Contactez-moi ici.<\/a><\/p>\n","protected":false},"excerpt":{"rendered":"<p>En tant que parents, nous souhaitons tous le bonheur de nos enfants, n&rsquo;est-ce pas ?Nous faisons de notre mieux pour leur&nbsp;apporter une bonne nourriture, un cocon douillet, la meilleure \u00e9ducation possible\u2026 pour leur offrir des jouets, leur proposer des activit\u00e9s, et tout cela entour\u00e9 de beaucoup d&rsquo;amour.Pourtant, malgr\u00e9 tous&nbsp;nos efforts, il arrive parfois que nous [&hellip;]<\/p>\n","protected":false},"author":1,"featured_media":0,"parent":0,"menu_order":0,"comment_status":"closed","ping_status":"closed","template":"","meta":{"om_disable_all_campaigns":false,"_mi_skip_tracking":false},"aioseo_notices":[],"_links":{"self":[{"href":"https:\/\/conscienceastrale.fr\/index.php\/wp-json\/wp\/v2\/pages\/100"}],"collection":[{"href":"https:\/\/conscienceastrale.fr\/index.php\/wp-json\/wp\/v2\/pages"}],"about":[{"href":"https:\/\/conscienceastrale.fr\/index.php\/wp-json\/wp\/v2\/types\/page"}],"author":[{"embeddable":true,"href":"https:\/\/conscienceastrale.fr\/index.php\/wp-json\/wp\/v2\/users\/1"}],"replies":[{"embeddable":true,"href":"https:\/\/conscienceastrale.fr\/index.php\/wp-json\/wp\/v2\/comments?post=100"}],"version-history":[{"count":8,"href":"https:\/\/conscienceastrale.fr\/index.php\/wp-json\/wp\/v2\/pages\/100\/revisions"}],"predecessor-version":[{"id":1028,"href":"https:\/\/conscienceastrale.fr\/index.php\/wp-json\/wp\/v2\/pages\/100\/revisions\/1028"}],"wp:attachment":[{"href":"https:\/\/conscienceastrale.fr\/index.php\/wp-json\/wp\/v2\/media?parent=100"}],"curies":[{"name":"wp","href":"https:\/\/api.w.org\/{rel}","templated":true}]}}